Suppose -2*u + 4*c + 34 = 0, 22*c - 19*c = 4*u - 53. Let b(r) = 21*r - 26. What is the units digit of b(u)?
5
Let s = 32 - 32. Suppose s = 6*f - 43 + 13. Suppose -2*d - 2*d = 20, 0 = -4*n + f*d + 97. What is the tens digit of n?
1
Let w be (-923)/(-3) + (35/3)/(-7). Let r = 320 - w. What is the units digit of r?
4
Suppose 388*d - 10411590 = 259*d. What is the tens digit of d?
1
Let v(c) = 6443*c - 581. What is the thousands digit of v(4)?
5
Let q = -824 - -844. What is the hundreds digit of ((-176)/q + 2)/((-9)/540)?
4
Let t(g) = 142*g**2 - 2*g + 2. Let y be t(1). Let k = y - 38. Let d = k - 14. What is the units digit of d?
0
Let r(t) = -t**2 + 11*t - 13. Let j be (-1 - 0) + 0 + 10. Let u be r(j). Suppose -159 = 2*m - u*m. What is the tens digit of m?
5
Suppose 2*b - 63 - 335 = 0. Let d = 243 - b. What is the tens digit of d?
4
Let f be (-2 - -4 - 0)/1. Let r(z) = 113*z**3 + z**2 - 4*z + 6. What is the hundreds digit of r(f)?
9
Let g(x) = x**2 - 28*x - 335. Let n be g(-9). What is the thousands digit of n + ((-18)/(-4) - 6)*-1120?
1
Suppose -738 = 3*z + 852. Let f = -16 - z. What is the tens digit of f?
1
Let p be 1*7/((-56)/656). Let u = 32 - p. What is the units digit of u?
4
Suppose 5*m - 5*t = 124215, 551*t - 14 = 553*t. What is the hundreds digit of m?
8
Let p = 26 - 23. Suppose n + 412 = p*n - 4*g, -n + 212 = -5*g. What is the hundreds digit of n?
2
Let m = -88 - -59. Let y = m + 40. Suppose -12*x = -y*x - 23. What is the tens digit of x?
2
Let w(i) = -158*i**3 + 2*i**2 - 2*i - 9. Let u be w(-2). Suppose -c = -4*v + 1698, 6*v - 9*v = -4*c - u. What is the units digit of v?
5
Suppose 0 = 13*h - 17*h - 12. What is the units digit of -1*(-212 - (-6 - h))?
9
Suppose -301*u + 11356070 + 2397510 = -673651. What is the tens digit of u?
3
Suppose -3*o - 5*l + 89024 = 0, 5*o - 4*l = 64704 + 83657. What is the tens digit of o?
7
Suppose -534676 - 941723 = -51*p. What is the hundreds digit of p?
9
Let w = 36 - 31. Suppose w*x = 0, 2*h = -3*x - x. Suppose -6*f + 5 + 43 = h. What is the units digit of f?
8
Let t = -10 + 26. Suppose 8 = w - 5*b, -3*w + t = w - 4*b. Suppose 4*u + u = -2*p + 319, -w*u - 4*p = -197. What is the tens digit of u?
6
Let i be ((-3306)/190)/(((-4)/10)/2). Let j = 440 + i. What is the tens digit of j?
2
Suppose 0 = 666*o - 640*o - 166088. What is the units digit of o?
8
Let p(v) be the second derivative of 3*v**5/20 + 13*v**4/4 - 19*v**3/6 - 15*v**2 + 24*v. What is the units digit of p(-13)?
7
Let x(v) = -33 - 21*v**2 + v + 9 - v**3 - 3*v - 6*v. What is the tens digit of x(-22)?
3
Suppose -3*p - 204 = -15*p. Let d(t) = -17 + p*t + 387*t**3 + t - 388*t**3 + 5*t**2. What is the tens digit of d(7)?
1
Suppose 53*g + 5754 - 16990 = 223660. What is the thousands digit of g?
4
Let x be 2 + 3 - 4 - 0. Let q be 0 + x + 4/(8/10). Suppose -3*z - 5*n + q = -18, 0 = -z + 3*n + 22. What is the tens digit of z?
1
Let t = 7910 + -4645. What is the tens digit of t?
6
Let o = 3538 - -13570. What is the thousands digit of o?
7
What is the hundreds digit of (-39214)/(-3)*(-2058)/(-2401)?
2
Let p(d) = -11*d + 205. Let i be -1*(-3 - -1 - 2 - -4). What is the units digit of p(i)?
5
Let j = 59 - 131. Let u = -69 - j. Suppose 102 = 3*n + 4*h - h, -u*h - 50 = -n. What is the units digit of n?
8
Let i = -152 + 168. Suppose 0 = i*q + 4*q - 3560. What is the tens digit of q?
7
Let m be (-6)/(-10) - (-352)/80. Suppose -3*v - 4*b + 913 = 0, 360 + 1143 = m*v + 2*b. What is the tens digit of v?
9
Let a(y) = -3630*y**3 - 2*y**2 + 74*y + 143. What is the thousands digit of a(-2)?
9
Suppose 5*a = -k + 2*a + 8408, 0 = 5*k - 4*a - 41983. What is the units digit of k?
9
Suppose -7*s = 1746 + 2993. Let w = 1078 + s. Suppose -7*k + w + 173 = 0. What is the units digit of k?
2
Suppose 89*l - 603969 = -3*l + 518983. What is the hundreds digit of l?
2
Let o(f) = f**3 - f**2 + 4*f - 22. Let s be o(3). Suppose -974 = s*t - 3238. What is the units digit of t?
3
Let b(c) = c**2 - 3*c + 5. Let i be b(3). Suppose 5*l = -i*k + 45, -4 = -2*k + k. What is the tens digit of -5 + l + 30 + -5?
2
Suppose -13033*x = -13012*x - 1134462. What is the tens digit of x?
2
Suppose 8*k = 6 + 18. What is the tens digit of 32/(k - 1)*33/6?
8
Let r be (-172)/(-36) + -2 - (-4)/18. What is the hundreds digit of (-203)/21 + 9 - (-1016)/r?
3
Let d = 323 + -347. What is the units digit of 1/(d/176)*-12?
8
Let h(g) = 2*g**2 - 14*g - 22. Let i(z) = 2*z**2 - 13*z - 21. Let c(s) = 4*h(s) - 3*i(s). What is the units digit of c(18)?
7
Let d be (-18*(-10)/30)/(1/2). Suppose -5*p - o = -51, 2*p + d*o - 25 = 7*o. What is the units digit of p?
0
Let b(p) be the second derivative of -4*p**3/3 - 25*p**2 + 2*p. Let c be b(-6). What is the units digit of -2 + c + 154 + -1?
9
Suppose -5675 = -2*m + 2149. Suppose 1524 = 9*d - m. What is the hundreds digit of d?
6
Let l = 1344 + 8098. What is the thousands digit of l?
9
Let d(q) = 2*q**2 + 26*q - 111. Let p be ((-44)/(-22))/((-2)/(-12)). What is the tens digit of d(p)?
8
Let c(q) be the second derivative of -q**3/3 + 157*q**2/2 + 6*q - 4. What is the tens digit of c(-19)?
9
Suppose 29044 = 4*c + 896. What is the hundreds digit of c?
0
Let j(m) = -m**2 + m - 10. Let k be j(-18). Let w = k - -598. What is the units digit of w?
6
Let d(w) = 6381*w**2 - 107*w + 214. What is the ten thousands digit of d(2)?
2
Let l(x) = -16*x**3 - 18*x**2 - 57*x - 223. What is the hundreds digit of l(-10)?
5
Let w(d) = -d**3 - 23*d**2 + 24*d. Let c be w(-24). What is the tens digit of (-3 - c)/((48/(-882))/8)?
4
Let f(z) = z - 14. Suppose -3*u + 10 = -50. Let l be f(u). Suppose -l = 5*a - 241. What is the units digit of a?
7
What is the units digit of ((-18792)/(-14))/(5/35)?
6
Let p(g) be the first derivative of 7*g**3 - 7*g**2/2 - g + 23. What is the units digit of p(3)?
7
Let f be (-33)/12 + (-75)/(-20) + -3. What is the units digit of (264/18)/(f/(-12))?
8
What is the hundreds digit of (-2)/(-18) + 17233957/477?
1
Suppose 7868 + 30596 = 9*p + 23*p. What is the thousands digit of p?
1
Suppose -6*s + 14166 - 5652 + 14610 = 0. What is the units digit of s?
4
Let w = 8067 + -381. What is the hundreds digit of w?
6
Suppose f - 212875 = -4*x, -2*x - 26143 = f - 132582. What is the units digit of x?
8
Let m be 1*-3*(-67)/(-1). Let x be 78/(-8*51/272). Let h = x - m. What is the units digit of h?
9
Let l = -24832 + 41788. What is the tens digit of l?
5
Let g be ((-746)/8)/((-1)/4). Suppose -3*a + 4*l + 118 = -430, -2*a = 5*l - g. What is the units digit of a?
4
Let y(g) = -5*g**3 - g**2 - 2*g - 1. Let m be y(-1). Suppose 6 = 2*v - 0*v - m*i, 3*i = -5*v + 46. What is the units digit of 526/v - (1 + (-35)/28)?
6
Let i be -1*127*(4 + -5)/1. Suppose 2*r - 499 - i = 0. What is the units digit of r?
3
Suppose 2*i = 78268 - 34542. What is the units digit of i?
3
Let y(v) be the first derivative of v**3/3 - 15*v**2/2 - 12*v - 9. Let u be y(16). Let n(x) = 5*x**2 - 2*x + 11. What is the tens digit of n(u)?
8
Suppose -3*w - 13 = -31. Let b = 6 + w. Let x(t) = -t**3 + 12*t**2 + 7*t + 1. What is the tens digit of x(b)?
8
Suppose 0*g - 3*g - 1197 = -3*d, 4*d - 3*g - 1602 = 0. What is the tens digit of d?
0
Suppose -r + 868*i + 19350 = 870*i, -5*i - 96780 = -5*r. What is the thousands digit of r?
9
Suppose 0 = 788*u - 779*u - 351. Suppose -u*q - 996 = -43*q. What is the units digit of q?
9
Let o(t) be the first derivative of t**3/3 + 15*t**2/2 + 6*t - 18. Let u be o(-7). Let w = u - -53. What is the units digit of w?
3
Suppose 770172 = 2475*g - 2463*g - 176484. What is the hundreds digit of g?
8
Let q = 109 + -104. Suppose 2*c + 0*d = 4*d + 1528, 0 = -4*c - q*d + 3108. What is the tens digit of c?
7
Let g(h) = 1092*h**3 + h**2 + 3*h - 5. Let l be g(1). Let f = 1560 - l. What is the hundreds digit of f?
4
Let u(s) = 19*s**2 - 3*s - 2. Let a(l) = 2*l**2 + 2*l + 4. Let p be a(0). Let o be (-5)/7 - p/14. What is the tens digit of u(o)?
2
Let y = 214 + -206. What is the tens digit of y/(96/2142) + (-6)/(-4)?
8
Let b(l) = l**3 + 36*l**2 + 10*l - 83. Suppose 0 = 39*k - 9*k + 1050. What is the hundreds digit of b(k)?
7
Let u be (2/(-3))/((-52)/78) - -49. Suppose u*z = 34*z + 23216. What is the units digit of z?
1
Let l(y) = -1272*y - 1636. What is the units digit of l(-22)?
8
Let p(u) = 112*u**3 - 3*u**2 + 